{"id":5,"date":"2021-02-21T17:53:45","date_gmt":"2021-02-21T17:53:45","guid":{"rendered":"https:\/\/praxisvanessabiebel.de\/?page_id=5"},"modified":"2021-03-17T22:23:18","modified_gmt":"2021-03-17T22:23:18","slug":"willkommen-auf-https-praxisvanessabiebel-de","status":"publish","type":"page","link":"https:\/\/praxisvanessabiebel.de\/","title":{"rendered":"Fach\u00e4rztin f\u00fcr Psychiatrie und Psychotherapie"},"content":{"rendered":"\n<div class=\"wp-block-image is-style-default\"><figure class=\"aligncenter size-full\"><img loading=\"lazy\" width=\"1600\" height=\"1066\" src=\"https:\/\/praxisvanessabiebel.de\/wp-content\/uploads\/2021\/03\/image2.jpeg\" alt=\"\" class=\"wp-image-45\" srcset=\"https:\/\/praxisvanessabiebel.de\/wp-content\/uploads\/2021\/03\/image2.jpeg 1600w, https:\/\/praxisvanessabiebel.de\/wp-content\/uploads\/2021\/03\/image2-300x200.jpeg 300w, https:\/\/praxisvanessabiebel.de\/wp-content\/uploads\/2021\/03\/image2-1024x682.jpeg 1024w, https:\/\/praxisvanessabiebel.de\/wp-content\/uploads\/2021\/03\/image2-768x512.jpeg 768w, https:\/\/praxisvanessabiebel.de\/wp-content\/uploads\/2021\/03\/image2-1536x1023.jpeg 1536w\" sizes=\"(max-width: 1600px) 100vw, 1600px\" \/><\/figure><\/div>\n\n\n\n<p>Herzlich Willkommen auf meiner Homepage der Privat-Praxis f\u00fcr Psychotherapie Vanessa Biebel.<\/p>\n\n\n\n<p>BED\u00dcRFNISORIENTIERT BERATEN und BEHANDELN ist der Leitgedanke meiner fach\u00e4rztlichen Behandlung.<\/p>\n\n\n\n<p>Damit Sie sich bei mir wohlf\u00fchlen, ist eine angenehme Gespr\u00e4chsatmosph\u00e4re in einer modern gestalteten Umgebung f\u00fcr mich ebenso selbstverst\u00e4ndlich wie eine vertrauliche Einhaltung des Datenschutzes. Sie stehen mit Ihrem Anliegen stets im Mittelpunkt der Behandlung.<\/p>\n","protected":false},"excerpt":{"rendered":"<p>Herzlich Willkommen auf meiner Homepage der Privat-Praxis f\u00fcr Psychotherapie Vanessa Biebel. BED\u00dcRFNISORIENTIERT BERATEN und BEHANDELN ist der Leitgedanke meiner fach\u00e4rztlichen Behandlung. Damit Sie sich bei mir wohlf\u00fchlen, ist eine angenehme Gespr\u00e4chsatmosph\u00e4re in einer modern gestalteten Umgebung f\u00fcr mich ebenso selbstverst\u00e4ndlich wie eine vertrauliche Einhaltung des Datenschutzes. Sie stehen mit Ihrem Anliegen stets im Mittelpunkt der [&hellip;]<\/p>\n","protected":false},"author":1,"featured_media":0,"parent":0,"menu_order":0,"comment_status":"closed","ping_status":"closed","template":"","meta":[],"_links":{"self":[{"href":"https:\/\/praxisvanessabiebel.de\/index.php?rest_route=\/wp\/v2\/pages\/5"}],"collection":[{"href":"https:\/\/praxisvanessabiebel.de\/index.php?rest_route=\/wp\/v2\/pages"}],"about":[{"href":"https:\/\/praxisvanessabiebel.de\/index.php?rest_route=\/wp\/v2\/types\/page"}],"author":[{"embeddable":true,"href":"https:\/\/praxisvanessabiebel.de\/index.php?rest_route=\/wp\/v2\/users\/1"}],"replies":[{"embeddable":true,"href":"https:\/\/praxisvanessabiebel.de\/index.php?rest_route=%2Fwp%2Fv2%2Fcomments&post=5"}],"version-history":[{"count":7,"href":"https:\/\/praxisvanessabiebel.de\/index.php?rest_route=\/wp\/v2\/pages\/5\/revisions"}],"predecessor-version":[{"id":87,"href":"https:\/\/praxisvanessabiebel.de\/index.php?rest_route=\/wp\/v2\/pages\/5\/revisions\/87"}],"wp:attachment":[{"href":"https:\/\/praxisvanessabiebel.de\/index.php?rest_route=%2Fwp%2Fv2%2Fmedia&parent=5"}],"curies":[{"name":"wp","href":"https:\/\/api.w.org\/{rel}","templated":true}]}}